at is 1 + 100100000?
100100001
In base 16, what is ed + 3?
f0
In base 11, what is -5 + 2802?
27a8
In base 13, what is -32 - 9?
-3b
In base 4, what is 3 + -102?
-33
In base 15, what is 233 + -1?
232
In base 12, what is -48 - 2?
-4a
In base 11, what is -1 - -1828?
1827
In base 10, what is -5 - -5542?
5537
In base 14, what is -1b9 - 16?
-1d1
In base 6, what is 14155 - 0?
14155
In base 11, what is -168 + 105?
-63
In base 16, what is -621 - 5?
-626
In base 13, what is 12 + 64?
76
In base 13, what is -3b - -8?
-33
In base 14, what is 712 + 4?
716
In base 9, what is 1 + -32?
-31
In base 13, what is 3 - 44?
-41
In base 3, what is -20121 + 200?
-12221
In base 3, what is 111102 - -2?
111111
In base 5, what is -13 + -1321?
-1334
In base 2, what is -11 - 1011011?
-1011110
In base 13, what is -113 - -4?
-10c
In base 13, what is -2 - -623?
621
In base 9, what is 3805 - -2?
3807
In base 13, what is c - -230?
23c
In base 2, what is 101 + 111101?
1000010
In base 2, what is -1 + 11011010?
11011001
In base 9, what is -1 - 248?
-250
In base 15, what is 220 - 1?
21e
In base 3, what is 202110 + 12?
202122
In base 7, what is 3 + 125?
131
In base 14, what is 0 + -42?
-42
In base 3, what is -10 - 10020110?
-10020120
In base 5, what is -3 + -20?
-23
In base 4, what is -3 + -32?
-101
In base 16, what is -15 + -a?
-1f
In base 5, what is -2114 + 3?
-2111
In base 4, what is 3 - 121?
-112
In base 15, what is 4 - 8c3?
-8be
In base 13, what is -1 - 13?
-14
In base 6, what is -215 - 13?
-232
In base 16, what is 5 + 7e?
83
In base 4, what is -2023 - -1?
-2022
In base 11, what is -13 - -382?
36a
In base 4, what is 1100022 - -3?
1100031
In base 14, what is 979 - 3?
976
In base 16, what is 6dc + -4?
6d8
In base 7, what is -255 - 4?
-262
In base 16, what is -5 + -20d?
-212
In base 7, what is 3 - -3104?
3110
In base 14, what is -12 - 14?
-26
In base 13, what is -10b7 + -2?
-10b9
In base 8, what is 1202 + 43?
1245
In base 10, what is -1 - -90?
89
In base 14, what is -4 - -4?
0
In base 4, what is 33130 - 10?
33120
In base 3, what is -1 + 211?
210
In base 12, what is -4 + -284?
-288
In base 12, what is 8b - 2?
89
In base 16, what is 36d + 1?
36e
In base 6, what is 104 - 12?
52
In base 16, what is -2 - e8?
-ea
In base 14, what is -3ba - -2?
-3b8
In base 16, what is 453 + -8?
44b
In base 13, what is -501 + 0?
-501
In base 10, what is -4 - -2802?
2798
In base 9, what is -4 + 71?
66
In base 11, what is 2a1 + -1?
2a0
In base 15, what is -1 - 28?
-29
In base 4, what is 100 - -1?
101
In base 6, what is -203 - -124?
-35
In base 11, what is -403 + 4?
-3aa
In base 16, what is 1 - -264?
265
In base 5, what is 122 - 0?
122
In base 5, what is -40 - 10?
-100
In base 10, what is -90 - -4?
-86
In base 13, what is 0 + -1c?
-1c
In base 12, what is -2058 + 0?
-2058
In base 13, what is -3 + 555?
552
In base 10, what is -24 + -7?
-31
In base 13, what is -a60 + -4?
-a64
In base 8, what is 24 + 770?
1014
In base 4, what is -10 + -11101?
-11111
In base 12, what is -45 + -2?
-47
In base 6, what is 43 + -52?
-5
In base 3, what is 21 + 11120?
11211
In base 13, what is 4 + -4a7?
-4a3
In base 12, what is -7 + 9a?
93
In base 14, what is 174 - 5?
16d
In base 9, what is 2 - -1626?
1628
In base 9, what is -534 + -8?
-543
In base 9, what is 5 - 77?
-72
In base 2, what is 10001 + 1111?
100000
In base 9, what is -2 + 60?
57
In base 2, what is 1110 - 1001011?
-111101
In base 2, what is -1100100101 + 11?
-1100100010
In base 8, what is -23551 - 3?
-23554
In base 3, what is -1012 + -11?
-1100
In base 6, what is -12 - 233?
-245
In base 16, what is -18 - 7?
-1f
In base 13, what is 58 + -1?
57
In base 7, what is -4 - 5256?
-5263
In base 9, what is 358 - 73?
275
In base 13, what is 4 - 81?
-7a
In base 2, what is -101 - -100000?
11011
In base 8, what is 16 - 1005?
-767
In base 16, what is 5 - ab?
-a6
In base 16, what is -5e - -5?
-59
In base 10, what is -27 + -85?
-112
In base 3, what is -122 - -1010?
111
In base 12, what is 15 + -11?
4
In base 3, what is 102211 - 110?
102101
In base 9, what is 0 - -73?
73
In base 3, what is 122000 - 1?
121222
In base 4, what is 0 - -211?
211
In base 3, what is 20 - -10121101?
10121121
In base 3, what is -1100222 + -2?
-1101001
In base 8, what is -1 + 1724?
1723
In base 2, what is -1001001 - -100?
-1000101
In base 14, what is 0 + -182?
-182
In base 13, what is -2 - 4a?
-4c
In base 9, what is 4 - -2645?
2650
In base 16, what is -18 - 84?
-9c
In base 5, what is -1033 + 233?
-300
In base 16, what is -33 + 72?
3f
In base 9, what is -1202 - -1?
-1201
In base 12, what is 53 - -7?
5a
In base 12, what is -4 + -26?
-2a
In base 6, what is 1132 + 0?
1132
In base 9, what is -402 - 0?
-402
In base 5, what is 203 - 2?
201
In base 11, what is -5 + -3?
-8
In base 5, what is -3 - -1343?
1340
In base 15, what is 81d + -3?
81a
In base 12, what is -16 - 34?
-4a
In base 3, what is 2221 - -10?
10001
In base 16, what is -a + 35?
2b
In base 14, what is -c - -4?
-8
In base 2, what is -101 - -11011101000?
11011100011
In base 4, what is 11 + -1?
10
In base 12, what is 2 + 0?
2
In base 4, what is 3 - 2201?
-2132
In base 2, what is -1 - 10101011?
-10101100
In base 7, what is -4 - -436?
432
In base 5, what is 3 - -1420?
1423
In base 16, what is 38a - 4?
386
In base 3, what is 1001 + -1120?
-112
In base 16, what is -49b - 2?
-49d
In base 8, what is 6 - -2654?
2662
In base 6, what is 3 - -5333?
5340
In base 5, what is -13 + 20133?
20120
In base 11, what is 378 - 36?
342
In base 6, what is -1 + 401?
400
In base 7, what is -13 - 325?
-341
In base 12, what is -18 - 2?
-1a
In base 15, what is -48 + -65?
-ad
In base 2, what is 1 - 1011011000001?
-1011011000000
In base 3, what is -10201102 + 2?
-10201100
In base 14, what is 5 - 54?
-4d
In base 3, what is 2002012222 - 0?
2002012222
In base 14, what is -2d + 5?
-28
In base 2, what is -1001010110 + 100?
-1001010010
In base 13, what is 36 + -6?
30
In base 13, what is -2c + 3?
-29
In base 8, what is 12 + 53?
65
In base 5, what is 32 - 1411?
-1324
In base 5, what is -123 - 4?
-132
In base 16, what is 153 + c?
15f
In base 6, what is 14554 - 1?
14553
In base 12, what is -519 - 0?
-519
In base 15, what is 4 + 111e?
1123
In base 5, what is 3 + -33023?
-33020
In base 4, what is 1021 - -21?
1102
In base 12, what is 1 - -14?
15
In base 13, what is -4 + 740?
739
In base 3, what is 0 - 12000?
-12000
In base 2, what is -1001110100101 + 11?
-1001110100010
In base 11, what is -4 + 33?
2a
In base 4, what is 113 - -210?
323
In base 9, what is 4 - -8080?
8084
In base 6, what is -2 + 4?
2
In base 13, what is 1 - -3a6a?
3a6b
In base 14, what is -3b8 + 1?
-3b7
In base 13, what is 4 - -c88?
c8c
In base 6, what is 101 + -22?
35
In base 3, what is 1 + 21001220?
21001221
In base 5, what is 0 - -14?
14
In base 10, what is 12 + 17?
29
In base 9, what is 1 - 31?
-30
In base 9, what is 0 - -1538?
1538
In base 11, what is -2213 - -2?
-2211
In base 14, what is 1d3 + -2?
1d1
In base 5, what is 2004 - 3?
2001
In base 7, what is -36 - 26?
-65
In base 6, what is 545 - 3?
542
In base 12, what is -7 + 18?
11
In base 8, what is 706 - 1?
705
In base 10, what is 8 + 48?
56
In base 9, what is 0 + -1008?
-1008
In base 16, what is 16 - 1b?
-5
In base 9, what is -238 + 13?
-225
In base 7, what is 123 + 4?
130
In base 8, what is -1 - 17?
-20
In base 15, what is -14 - -1?
-13
In base 2, what is 11 - 1101?
-1010
In base 13, what is -2218 - 0?
-2218
In base 11, what is 2 - 178?
-176
In base 14, what is -3 - 98?
-9b
In base 4, what is 301 + 212?
1113
In base 12, what is 85 + a?
93
In base 9, what is -2 - -4415?
4413
In base 10, what is 317 - -1?
318
In base 6, what is 0 + 1332?
1332
In base 6, what is 1 + -15?
-14
In base 2, what is 1001011000 + -1010?
1001001110
In base 15, what is -5 - 47a?
-480
In base 8, what is 107 + 5?
114
In base 6, what is 4 - 3243?
-3235
In base 15, what is 2 + -34?
-32
In base 7, what is 6 + -415?
-406
In base 4, what is -321 - 10?
-331
In base 10, what is -197 - -4?
-193
In base 12, what is 1160 - -b?
116b
In base 3, what is -10 + -2112?
-2122
In base 9, what is -4 - 11?
-15
In base 7, what is 1543 - 4?
1536
In base 9, what is 288 + -18?
270
In base 13, what is 6ba8 - -4?
6bac
In base 15, what is -52 - -7?
-4a
In base 15, what is 2a - -5?
30
In base 8, what is 121 + -47?
52
In base 2, what is -1 + 1000